{"id":142,"date":"2020-02-24T14:01:31","date_gmt":"2020-02-24T14:01:31","guid":{"rendered":"https:\/\/demosites.io\/lawyers-gb\/?page_id=142"},"modified":"2022-10-04T13:21:06","modified_gmt":"2022-10-04T13:21:06","slug":"a02e5-homepage","status":"publish","type":"page","link":"https:\/\/new2022.dobrzyksiegowi.pl\/","title":{"rendered":"Homepage"},"content":{"rendered":"\n<div class=\"wp-block-nextend-smartslider3\"><\/div>\n\n\n\n<div id=\"wp-block-themeisle-blocks-advanced-columns-90845b53\" class=\"wp-block-themeisle-blocks-advanced-columns alignfull has-3-columns has-desktop-equal-layout has-tablet-equal-layout has-mobile-collapsedRows-layout has-vertical-unset\"><div class=\"wp-block-themeisle-blocks-advanced-columns-overlay\"><\/div><div class=\"innerblocks-wrap\">\n<div id=\"wp-block-themeisle-blocks-advanced-column-f4d0871c\" class=\"wp-block-themeisle-blocks-advanced-column\">\n<div class=\"wp-block-themeisle-blocks-service\">\n<div id=\"wp-block-themeisle-blocks-font-awesome-icons-6c3ffa57\" class=\"wp-block-themeisle-blocks-font-awesome-icons\"><span class=\"wp-block-themeisle-blocks-font-awesome-icons-container\"><i class=\"fas fa-car\"><\/i><\/span><\/div>\n\n\n\n<h4 id=\"wp-block-themeisle-blocks-advanced-heading-0581cdc3\" class=\"wp-block-themeisle-blocks-advanced-heading wp-block-themeisle-blocks-advanced-heading-0581cdc3\"> Dlaczego my <\/h4>\n\n\n\n<p>Podstaw\u0105 naszej wsp\u00f3\u0142pracy z klientem jest kompleksowa, sprawna i rzetelna obs\u0142uga w zakresie ksi\u0119gowo\u015bci i podatk\u00f3w.<br>Naszymi klientami s\u0105 przedstawiciele r\u00f3\u017cnych bran\u017c, kt\u00f3rych sprawy wymagaj\u0105 bardzo szczeg\u00f3\u0142owej analizy przepis\u00f3w podatkowych.<br>Doradzaj\u0105c naszym klientom nieustannie zbieramy do\u015bwiadczenie i wiedz\u0119, kt\u00f3r\u0105 wykorzystujemy w ka\u017cdym, nawet najbardziej skomplikowanym przypadku.<\/p>\n<\/div>\n<\/div>\n\n\n\n<div id=\"wp-block-themeisle-blocks-advanced-column-78524861\" class=\"wp-block-themeisle-blocks-advanced-column\">\n<div class=\"wp-block-themeisle-blocks-service\">\n<div id=\"wp-block-themeisle-blocks-font-awesome-icons-fcd21217\" class=\"wp-block-themeisle-blocks-font-awesome-icons\"><span class=\"wp-block-themeisle-blocks-font-awesome-icons-container\"><i class=\"fas fa-archive\"><\/i><\/span><\/div>\n\n\n\n<h4 id=\"wp-block-themeisle-blocks-advanced-heading-92773087\" class=\"wp-block-themeisle-blocks-advanced-heading wp-block-themeisle-blocks-advanced-heading-92773087\"> Nasi specjali\u015bci <\/h4>\n\n\n\n<p>W dzia\u0142alno\u015bci firmy wiedza i do\u015bwiadczenie pracownik\u00f3w s\u0105 kluczowe, je\u015bli chodzi o poziom oferowanych us\u0142ug.<br>Dotyczy to zw\u0142aszcza dzia\u0142alno\u015bci w zakresie obs\u0142ugi ksi\u0119gowej i doradztwa podatkowego. Dlatego oddajemy do dyspozycji naszych klient\u00f3w wykwalifikowany zesp\u00f3\u0142, zapewniaj\u0105cy pe\u0142en profesjonalizm i poczucie bezpiecze\u0144stwa.<br><\/p>\n<\/div>\n<\/div>\n\n\n\n<div id=\"wp-block-themeisle-blocks-advanced-column-bf96f229\" class=\"wp-block-themeisle-blocks-advanced-column\">\n<div class=\"wp-block-themeisle-blocks-service\">\n<div id=\"wp-block-themeisle-blocks-font-awesome-icons-49d8a89c\" class=\"wp-block-themeisle-blocks-font-awesome-icons\"><span class=\"wp-block-themeisle-blocks-font-awesome-icons-container\"><i class=\"fab fa-pagelines\"><\/i><\/span><\/div>\n\n\n\n<h4 id=\"wp-block-themeisle-blocks-advanced-heading-0ce47501\" class=\"wp-block-themeisle-blocks-advanced-heading wp-block-themeisle-blocks-advanced-heading-0ce47501\"> Nasza misja <\/h4>\n\n\n\n<p>Nasz\u0105 misj\u0105 jest dostarczanie najlepszego serwisu ksi\u0119gowego w zmieniaj\u0105cym si\u0119 otoczeniu. Dzi\u0119ki ci\u0105g\u0142emu kszta\u0142ceniu pracownik\u00f3w, poszerzaniu zespo\u0142u specjalist\u00f3w oraz wdra\u017caniu nowych rozwi\u0105za\u0144 informatycznych u\u0142atwiaj\u0105cych wymian\u0119 informacji finansowych z naszymi klientami. Chcemy, aby nasi klienci mogli si\u0119 skupi\u0107 na przedmiocie swojej dzia\u0142alno\u015bci, prowadz\u0105c swoje firmy w przekonaniu, \u017ce ich sprawy znajduj\u0105 si\u0119 w dobrych i do\u015bwiadczonych r\u0119kach w zakresie ksi\u0119gowo\u015bci i podatk\u00f3w.<\/p>\n<\/div>\n<\/div>\n<\/div><\/div>\n","protected":false},"excerpt":{"rendered":"","protected":false},"author":3,"featured_media":0,"parent":0,"menu_order":0,"comment_status":"closed","ping_status":"closed","template":"","meta":{"_themeisle_gutenberg_block_has_review":false,"_ti_tpc_template_sync":false,"_ti_tpc_template_id":"aar0h9z8vlrqwo62mu6h"},"_links":{"self":[{"href":"https:\/\/new2022.dobrzyksiegowi.pl\/index.php?rest_route=\/wp\/v2\/pages\/142"}],"collection":[{"href":"https:\/\/new2022.dobrzyksiegowi.pl\/index.php?rest_route=\/wp\/v2\/pages"}],"about":[{"href":"https:\/\/new2022.dobrzyksiegowi.pl\/index.php?rest_route=\/wp\/v2\/types\/page"}],"author":[{"embeddable":true,"href":"https:\/\/new2022.dobrzyksiegowi.pl\/index.php?rest_route=\/wp\/v2\/users\/3"}],"replies":[{"embeddable":true,"href":"https:\/\/new2022.dobrzyksiegowi.pl\/index.php?rest_route=%2Fwp%2Fv2%2Fcomments&post=142"}],"version-history":[{"count":5,"href":"https:\/\/new2022.dobrzyksiegowi.pl\/index.php?rest_route=\/wp\/v2\/pages\/142\/revisions"}],"predecessor-version":[{"id":1476,"href":"https:\/\/new2022.dobrzyksiegowi.pl\/index.php?rest_route=\/wp\/v2\/pages\/142\/revisions\/1476"}],"wp:attachment":[{"href":"https:\/\/new2022.dobrzyksiegowi.pl\/index.php?rest_route=%2Fwp%2Fv2%2Fmedia&parent=142"}],"curies":[{"name":"wp","href":"https:\/\/api.w.org\/{rel}","templated":true}]}}